{"id":1363,"date":"2021-06-11T13:36:54","date_gmt":"2021-06-11T13:36:54","guid":{"rendered":"http:\/\/paautos.gt\/inicio\/?page_id=1363"},"modified":"2021-06-11T13:49:51","modified_gmt":"2021-06-11T13:49:51","slug":"facilidades-de-pago","status":"publish","type":"page","link":"https:\/\/paautos.gt\/inicio\/facilidades-de-pago\/","title":{"rendered":"Facilidades de pago"},"content":{"rendered":"\t\t<div data-elementor-type=\"wp-page\" data-elementor-id=\"1363\" class=\"elementor elementor-1363\" data-elementor-post-type=\"page\">\n\t\t\t\t\t\t<section class=\"elementor-section elementor-top-section elementor-element elementor-element-170b9f47 elementor-section-boxed elementor-section-height-default elementor-section-height-default\" data-id=\"170b9f47\" data-element_type=\"section\">\n\t\t\t\t\t\t<div class=\"elementor-container elementor-column-gap-default\">\n\t\t\t\t\t<div class=\"elementor-column elementor-col-100 elementor-top-column elementor-element elementor-element-14af07e6\" data-id=\"14af07e6\" data-element_type=\"column\">\n\t\t\t<div class=\"elementor-widget-wrap elementor-element-populated\">\n\t\t\t\t\t\t<div class=\"elementor-element elementor-element-2e6d68ff elementor-widget elementor-widget-heading\" data-id=\"2e6d68ff\" data-element_type=\"widget\" data-widget_type=\"heading.default\">\n\t\t\t\t<div class=\"elementor-widget-container\">\n\t\t\t\t\t<h1 class=\"elementor-heading-title elementor-size-default\">Formas de Pago<\/h1>\t\t\t\t<\/div>\n\t\t\t\t<\/div>\n\t\t\t\t\t<\/div>\n\t\t<\/div>\n\t\t\t\t\t<\/div>\n\t\t<\/section>\n\t\t\t\t<section class=\"elementor-section elementor-top-section elementor-element elementor-element-38d64f79 elementor-section-boxed elementor-section-height-default elementor-section-height-default\" data-id=\"38d64f79\" data-element_type=\"section\">\n\t\t\t\t\t\t<div class=\"elementor-container elementor-column-gap-default\">\n\t\t\t\t\t<div class=\"elementor-column elementor-col-100 elementor-top-column elementor-element elementor-element-15251a1e\" data-id=\"15251a1e\" data-element_type=\"column\">\n\t\t\t<div class=\"elementor-widget-wrap elementor-element-populated\">\n\t\t\t\t\t\t<section class=\"elementor-section elementor-inner-section elementor-element elementor-element-1c2ea8a elementor-section-boxed elementor-section-height-default elementor-section-height-default\" data-id=\"1c2ea8a\" data-element_type=\"section\">\n\t\t\t\t\t\t<div class=\"elementor-container elementor-column-gap-default\">\n\t\t\t\t\t<div class=\"elementor-column elementor-col-50 elementor-inner-column elementor-element elementor-element-ca55ae2\" data-id=\"ca55ae2\" data-element_type=\"column\">\n\t\t\t<div class=\"elementor-widget-wrap elementor-element-populated\">\n\t\t\t\t\t\t<div class=\"elementor-element elementor-element-c4b63a1 elementor-position-left elementor-vertical-align-top elementor-widget elementor-widget-image-box\" data-id=\"c4b63a1\" data-element_type=\"widget\" data-widget_type=\"image-box.default\">\n\t\t\t\t<div class=\"elementor-widget-container\">\n\t\t\t\t\t<div class=\"elementor-image-box-wrapper\"><figure class=\"elementor-image-box-img\"><img fetchpriority=\"high\" decoding=\"async\" width=\"1024\" height=\"576\" src=\"https:\/\/paautos.gt\/inicio\/wp-content\/uploads\/2021\/06\/bbva-banca-tarjetas-1024x576-1.jpg\" class=\"attachment-full size-full wp-image-1365\" alt=\"\" srcset=\"https:\/\/paautos.gt\/inicio\/wp-content\/uploads\/2021\/06\/bbva-banca-tarjetas-1024x576-1.jpg 1024w, https:\/\/paautos.gt\/inicio\/wp-content\/uploads\/2021\/06\/bbva-banca-tarjetas-1024x576-1-300x169.jpg 300w, https:\/\/paautos.gt\/inicio\/wp-content\/uploads\/2021\/06\/bbva-banca-tarjetas-1024x576-1-768x432.jpg 768w\" sizes=\"(max-width: 1024px) 100vw, 1024px\" \/><\/figure><div class=\"elementor-image-box-content\"><h3 class=\"elementor-image-box-title\">Tarjetas de cr\u00e9dito y d\u00e9bito<\/h3><p class=\"elementor-image-box-description\">Puedes pagar tu bater\u00eda para carro con cualquier tarjeta de cr\u00e9dito, contamos con hasta 12 cuotas sin ning\u00fan recargo. Hacemos el cobro hasta terminar con la instalaci\u00f3n de tu bater\u00eda.<\/p><\/div><\/div>\t\t\t\t<\/div>\n\t\t\t\t<\/div>\n\t\t\t\t\t<\/div>\n\t\t<\/div>\n\t\t\t\t<div class=\"elementor-column elementor-col-50 elementor-inner-column elementor-element elementor-element-5ab7b81\" data-id=\"5ab7b81\" data-element_type=\"column\">\n\t\t\t<div class=\"elementor-widget-wrap elementor-element-populated\">\n\t\t\t\t\t\t<div class=\"elementor-element elementor-element-968ee3e elementor-position-left elementor-vertical-align-top elementor-widget elementor-widget-image-box\" data-id=\"968ee3e\" data-element_type=\"widget\" data-widget_type=\"image-box.default\">\n\t\t\t\t<div class=\"elementor-widget-container\">\n\t\t\t\t\t<div class=\"elementor-image-box-wrapper\"><figure class=\"elementor-image-box-img\"><img decoding=\"async\" width=\"678\" height=\"370\" src=\"https:\/\/paautos.gt\/inicio\/wp-content\/uploads\/2021\/06\/pago-cheque.jpg\" class=\"attachment-full size-full wp-image-1366\" alt=\"\" srcset=\"https:\/\/paautos.gt\/inicio\/wp-content\/uploads\/2021\/06\/pago-cheque.jpg 678w, https:\/\/paautos.gt\/inicio\/wp-content\/uploads\/2021\/06\/pago-cheque-300x164.jpg 300w\" sizes=\"(max-width: 678px) 100vw, 678px\" \/><\/figure><div class=\"elementor-image-box-content\"><h3 class=\"elementor-image-box-title\">Cheques<\/h3><p class=\"elementor-image-box-description\">Para tu comodidad y seguridad aceptamos cheques para pagar tus servicios o productos. Estos se verifican al momento de efectuar el cobro.<\/p><\/div><\/div>\t\t\t\t<\/div>\n\t\t\t\t<\/div>\n\t\t\t\t\t<\/div>\n\t\t<\/div>\n\t\t\t\t\t<\/div>\n\t\t<\/section>\n\t\t\t\t<section class=\"elementor-section elementor-inner-section elementor-element elementor-element-3257d2c elementor-section-boxed elementor-section-height-default elementor-section-height-default\" data-id=\"3257d2c\" data-element_type=\"section\">\n\t\t\t\t\t\t<div class=\"elementor-container elementor-column-gap-default\">\n\t\t\t\t\t<div class=\"elementor-column elementor-col-50 elementor-inner-column elementor-element elementor-element-80f80ba\" data-id=\"80f80ba\" data-element_type=\"column\">\n\t\t\t<div class=\"elementor-widget-wrap elementor-element-populated\">\n\t\t\t\t\t\t<div class=\"elementor-element elementor-element-bc806a1 elementor-position-left elementor-vertical-align-top elementor-widget elementor-widget-image-box\" data-id=\"bc806a1\" data-element_type=\"widget\" data-widget_type=\"image-box.default\">\n\t\t\t\t<div class=\"elementor-widget-container\">\n\t\t\t\t\t<div class=\"elementor-image-box-wrapper\"><figure class=\"elementor-image-box-img\"><img decoding=\"async\" width=\"613\" height=\"400\" src=\"https:\/\/paautos.gt\/inicio\/wp-content\/uploads\/2021\/06\/efectivo.jpg\" class=\"attachment-full size-full wp-image-1367\" alt=\"\" srcset=\"https:\/\/paautos.gt\/inicio\/wp-content\/uploads\/2021\/06\/efectivo.jpg 613w, https:\/\/paautos.gt\/inicio\/wp-content\/uploads\/2021\/06\/efectivo-300x196.jpg 300w\" sizes=\"(max-width: 613px) 100vw, 613px\" \/><\/figure><div class=\"elementor-image-box-content\"><h3 class=\"elementor-image-box-title\">Pago en efectivo<\/h3><p class=\"elementor-image-box-description\">Haz tus pagos en efectivo, transferencia o deposito a nuestra cuenta. Llegamos al lugar que nos indiques a realizar el cobro.<\/p><\/div><\/div>\t\t\t\t<\/div>\n\t\t\t\t<\/div>\n\t\t\t\t\t<\/div>\n\t\t<\/div>\n\t\t\t\t<div class=\"elementor-column elementor-col-50 elementor-inner-column elementor-element elementor-element-81b6577\" data-id=\"81b6577\" data-element_type=\"column\">\n\t\t\t<div class=\"elementor-widget-wrap elementor-element-populated\">\n\t\t\t\t\t\t<div class=\"elementor-element elementor-element-37f4e80 elementor-position-left elementor-vertical-align-top elementor-widget elementor-widget-image-box\" data-id=\"37f4e80\" data-element_type=\"widget\" data-widget_type=\"image-box.default\">\n\t\t\t\t<div class=\"elementor-widget-container\">\n\t\t\t\t\t<div class=\"elementor-image-box-wrapper\"><figure class=\"elementor-image-box-img\"><img decoding=\"async\" width=\"613\" height=\"400\" src=\"https:\/\/paautos.gt\/inicio\/wp-content\/uploads\/2021\/06\/efectivo.jpg\" class=\"attachment-full size-full wp-image-1367\" alt=\"\" srcset=\"https:\/\/paautos.gt\/inicio\/wp-content\/uploads\/2021\/06\/efectivo.jpg 613w, https:\/\/paautos.gt\/inicio\/wp-content\/uploads\/2021\/06\/efectivo-300x196.jpg 300w\" sizes=\"(max-width: 613px) 100vw, 613px\" \/><\/figure><div class=\"elementor-image-box-content\"><h3 class=\"elementor-image-box-title\">Pagos mixtos<\/h3><p class=\"elementor-image-box-description\">Para tu comodidad, en PaAutos puedes realizar pagos mixtos con los distintos m\u00e9todos de pago. <\/p><\/div><\/div>\t\t\t\t<\/div>\n\t\t\t\t<\/div>\n\t\t\t\t\t<\/div>\n\t\t<\/div>\n\t\t\t\t\t<\/div>\n\t\t<\/section>\n\t\t\t\t\t<\/div>\n\t\t<\/div>\n\t\t\t\t\t<\/div>\n\t\t<\/section>\n\t\t\t\t<\/div>\n\t\t","protected":false},"excerpt":{"rendered":"<p>Formas de Pago Tarjetas de cr\u00e9dito y d\u00e9bito Puedes pagar tu bater\u00eda para carro con cualquier tarjeta de cr\u00e9dito, contamos con hasta 12 cuotas sin ning\u00fan recargo. Hacemos el cobro hasta terminar con la instalaci\u00f3n de tu bater\u00eda. Cheques Para tu comodidad y seguridad aceptamos cheques para pagar tus servicios o productos. Estos se verifican [&hellip;]<\/p>\n","protected":false},"author":1,"featured_media":0,"parent":0,"menu_order":0,"comment_status":"closed","ping_status":"closed","template":"","meta":{"_acf_changed":false,"inline_featured_image":false,"site-sidebar-layout":"no-sidebar","site-content-layout":"page-builder","ast-site-content-layout":"default","site-content-style":"default","site-sidebar-style":"default","ast-global-header-display":"","ast-banner-title-visibility":"","ast-main-header-display":"","ast-hfb-above-header-display":"","ast-hfb-below-header-display":"","ast-hfb-mobile-header-display":"","site-post-title":"disabled","ast-breadcrumbs-content":"","ast-featured-img":"disabled","footer-sml-layout":"","theme-transparent-header-meta":"default","adv-header-id-meta":"","stick-header-meta":"","header-above-stick-meta":"","header-main-stick-meta":"","header-below-stick-meta":"","astra-migrate-meta-layouts":"default","ast-page-background-enabled":"default","ast-page-background-meta":{"desktop":{"background-color":"","background-image":"","background-repeat":"repeat","background-position":"center center","background-size":"auto","background-attachment":"scroll","background-type":"","background-media":"","overlay-type":"","overlay-color":"","overlay-opacity":"","overlay-gradient":""},"tablet":{"background-color":"","background-image":"","background-repeat":"repeat","background-position":"center center","background-size":"auto","background-attachment":"scroll","background-type":"","background-media":"","overlay-type":"","overlay-color":"","overlay-opacity":"","overlay-gradient":""},"mobile":{"background-color":"","background-image":"","background-repeat":"repeat","background-position":"center center","background-size":"auto","background-attachment":"scroll","background-type":"","background-media":"","overlay-type":"","overlay-color":"","overlay-opacity":"","overlay-gradient":""}},"ast-content-background-meta":{"desktop":{"background-color":"var(--ast-global-color-5)","background-image":"","background-repeat":"repeat","background-position":"center center","background-size":"auto","background-attachment":"scroll","background-type":"","background-media":"","overlay-type":"","overlay-color":"","overlay-opacity":"","overlay-gradient":""},"tablet":{"background-color":"var(--ast-global-color-5)","background-image":"","background-repeat":"repeat","background-position":"center center","background-size":"auto","background-attachment":"scroll","background-type":"","background-media":"","overlay-type":"","overlay-color":"","overlay-opacity":"","overlay-gradient":""},"mobile":{"background-color":"var(--ast-global-color-5)","background-image":"","background-repeat":"repeat","background-position":"center center","background-size":"auto","background-attachment":"scroll","background-type":"","background-media":"","overlay-type":"","overlay-color":"","overlay-opacity":"","overlay-gradient":""}},"footnotes":""},"class_list":["post-1363","page","type-page","status-publish","hentry"],"acf":[],"_links":{"self":[{"href":"https:\/\/paautos.gt\/inicio\/wp-json\/wp\/v2\/pages\/1363","targetHints":{"allow":["GET"]}}],"collection":[{"href":"https:\/\/paautos.gt\/inicio\/wp-json\/wp\/v2\/pages"}],"about":[{"href":"https:\/\/paautos.gt\/inicio\/wp-json\/wp\/v2\/types\/page"}],"author":[{"embeddable":true,"href":"https:\/\/paautos.gt\/inicio\/wp-json\/wp\/v2\/users\/1"}],"replies":[{"embeddable":true,"href":"https:\/\/paautos.gt\/inicio\/wp-json\/wp\/v2\/comments?post=1363"}],"version-history":[{"count":10,"href":"https:\/\/paautos.gt\/inicio\/wp-json\/wp\/v2\/pages\/1363\/revisions"}],"predecessor-version":[{"id":1381,"href":"https:\/\/paautos.gt\/inicio\/wp-json\/wp\/v2\/pages\/1363\/revisions\/1381"}],"wp:attachment":[{"href":"https:\/\/paautos.gt\/inicio\/wp-json\/wp\/v2\/media?parent=1363"}],"curies":[{"name":"wp","href":"https:\/\/api.w.org\/{rel}","templated":true}]}}